{"id":82,"date":"2022-08-02T19:13:29","date_gmt":"2022-08-02T19:13:29","guid":{"rendered":"https:\/\/quemadoresdegrasa.tk\/?page_id=82"},"modified":"2025-08-09T16:59:14","modified_gmt":"2025-08-09T19:59:14","slug":"pagos","status":"publish","type":"page","link":"https:\/\/quemadoresdegrasa.site\/index.php\/pagos\/","title":{"rendered":"Pagos"},"content":{"rendered":"<p><span style=\"color: #000000;\"><strong>ACLARACI\u00d3N:<\/strong> Los precios publicados en la web est\u00e1n expresados en <strong>d\u00f3lar estadounidense (u$s)<\/strong>. Al momento de efectuar el pago de su orden <span style=\"color: #0000ff;\"><strong>USTED ABONARA EN PESOS ARGENTINOS (AR$)<\/strong><\/span>. Para ello se tomar\u00e1 la cotizaci\u00f3n vigente para el tipo de cambio informal\/paralelo (\u00abd\u00f3lar blue\u00bb).<\/span><\/p>\n<hr \/>\n<p><span style=\"color: #000000;\">Las formas de pagos aceptadas son:<\/span><\/p>\n<ul>\n<li><strong><span style=\"color: #000000;\">Transferencia directa (Banco\/Billetera Virtual); (*)<\/span><\/strong><\/li>\n<li><strong><span style=\"color: #000000;\">Rapipago\/Pago F\u00e1cil\/Cobro Express; (**)<\/span><\/strong><\/li>\n<li><strong style=\"font-size: revert;\"><span style=\"color: #000000;\">Tarjetas de Cr\u00e9dito (hasta en 12 pagos a trav\u00e9s de Mercado Pago). <strong>(**)<\/strong><\/span><\/strong><\/li>\n<\/ul>\n<p><em><span style=\"color: #000000;\">(*) Los pagos por transferencia electr\u00f3nica (banco o billetera virtual) tienen un 5% de DESCUENTO.<\/span><\/em><\/p>\n<p><em><span style=\"color: #000000;\">(**) Tener en cuenta que algunos medios de pago tienen\u00a0 recargo operativo o comisiones y puede variar el costo final del producto. Los recargos aplicados actualmente son los siguientes: Rapipago-Pago F\u00e1cil-Cobro Express: 5% de recargo; Tarjetas de Cr\u00e9dito a trav\u00e9s de Mercado Pago: 15% de recargo (no incluye costos de financiaci\u00f3n propios de la tarjeta o banco emisor).<\/span><\/em><\/p>\n<p><span style=\"color: #000000;\">Muchas gracias.-<\/span><\/p>\n","protected":false},"excerpt":{"rendered":"<p>ACLARACI\u00d3N: Los precios publicados en la web est\u00e1n expresados en d\u00f3lar estadounidense (u$s). Al momento de efectuar el pago de su orden USTED ABONARA EN PESOS ARGENTINOS (AR$). Para ello se tomar\u00e1 la cotizaci\u00f3n vigente para el tipo de cambio informal\/paralelo (\u00abd\u00f3lar blue\u00bb). Las formas de pagos aceptadas son: Transferencia directa (Banco\/Billetera Virtual); (*) Rapipago\/Pago [&hellip;]<\/p>\n","protected":false},"author":1,"featured_media":0,"parent":0,"menu_order":0,"comment_status":"closed","ping_status":"closed","template":"","meta":{"footnotes":""},"class_list":["post-82","page","type-page","status-publish","hentry"],"_links":{"self":[{"href":"https:\/\/quemadoresdegrasa.site\/index.php\/wp-json\/wp\/v2\/pages\/82","targetHints":{"allow":["GET"]}}],"collection":[{"href":"https:\/\/quemadoresdegrasa.site\/index.php\/wp-json\/wp\/v2\/pages"}],"about":[{"href":"https:\/\/quemadoresdegrasa.site\/index.php\/wp-json\/wp\/v2\/types\/page"}],"author":[{"embeddable":true,"href":"https:\/\/quemadoresdegrasa.site\/index.php\/wp-json\/wp\/v2\/users\/1"}],"replies":[{"embeddable":true,"href":"https:\/\/quemadoresdegrasa.site\/index.php\/wp-json\/wp\/v2\/comments?post=82"}],"version-history":[{"count":3,"href":"https:\/\/quemadoresdegrasa.site\/index.php\/wp-json\/wp\/v2\/pages\/82\/revisions"}],"predecessor-version":[{"id":364,"href":"https:\/\/quemadoresdegrasa.site\/index.php\/wp-json\/wp\/v2\/pages\/82\/revisions\/364"}],"wp:attachment":[{"href":"https:\/\/quemadoresdegrasa.site\/index.php\/wp-json\/wp\/v2\/media?parent=82"}],"curies":[{"name":"wp","href":"https:\/\/api.w.org\/{rel}","templated":true}]}}